{"id":6677,"date":"2026-04-15T23:43:29","date_gmt":"2026-04-15T23:43:29","guid":{"rendered":"https:\/\/humanplus.com.co\/?post_type=product&#038;p=6677"},"modified":"2026-05-03T17:15:53","modified_gmt":"2026-05-03T17:15:53","slug":"creatina-monohidratada-300g","status":"publish","type":"product","link":"https:\/\/humanplus.com.co\/?product=creatina-monohidratada-300g","title":{"rendered":"Creatina Monohidratada 300g"},"content":{"rendered":"<p>Beneficios principales:<\/p>\n<ul>\n<li>Mantiene y recarga la energ\u00eda de forma eficiente.<\/li>\n<li>Mejora la fuerza, potencia y capacidad muscular.<\/li>\n<li>Acelera la recuperaci\u00f3n despu\u00e9s del entrenamiento.<\/li>\n<li>Protege tejidos musculares y \u00f3seos a largo plazo.<\/li>\n<li>Favorece el rendimiento mental, la concentraci\u00f3n y la memoria.<\/li>\n<li>Adecuada para todo tipo de personas y estilos de alimentaci\u00f3n.<\/li>\n<\/ul>\n<p>La creatina es un nutriente esencial para impulsar el rendimiento y el bienestar, reconocido por d\u00e9cadas de investigaci\u00f3n que respaldan su efectividad y seguridad. Su forma pura en polvo, ligera y sin sabor, permite integrarla f\u00e1cilmente en cualquier rutina diaria, convirti\u00e9ndola en un aliado constante para el cuerpo y la mente.<\/p>\n<p>Este compuesto act\u00faa como un soporte directo para la energ\u00eda inmediata del organismo: ayuda a mantener reservas internas que el cuerpo activa cuando necesita responder r\u00e1pido, ya sea durante un entrenamiento intenso, en tareas que demandan concentraci\u00f3n o simplemente en las actividades del d\u00eda a d\u00eda.<\/p>\n<ul>\n<li>En el ejercicio, favorece mayores niveles de fuerza, potencia y resistencia, ayud\u00e1ndote a entrenar con m\u00e1s intensidad y recuperarte de manera eficiente.<\/li>\n<li>En la cotidianidad, contribuye a conservar la masa muscular, fortalece el sistema \u00f3seo y promueve claridad mental, facilitando procesos como la memoria y el enfoque.<\/li>\n<li>En personas mayores, es un apoyo clave para mantener movilidad, vitalidad y masa muscular.<\/li>\n<li>En quienes siguen una alimentaci\u00f3n vegetariana o vegana, ayuda a equilibrar los niveles de creatina que suelen ser m\u00e1s bajos por la dieta.<\/li>\n<\/ul>\n<p>Esta creatina de alta pureza ofrece una fuente confiable, pura y de alta calidad para quienes buscan m\u00e1s energ\u00eda, mejor rendimiento y un bienestar integral y sostenido.<\/p>\n","protected":false},"excerpt":{"rendered":"<p>&nbsp;<\/p>\n<hr \/>\n<p>\u2022 60 servicios<\/p>\n<p>\u2022 5 gramos por servicio<\/p>\n<p>\u2022 Cuchara dosificadora incluida<\/p>\n<hr \/>\n<p>&nbsp;<\/p>\n","protected":false},"featured_media":6678,"comment_status":"open","ping_status":"closed","template":"","meta":{"site-sidebar-layout":"default","site-content-layout":"","ast-site-content-layout":"default","site-content-style":"default","site-sidebar-style":"default","ast-global-header-display":"","ast-banner-title-visibility":"","ast-main-header-display":"","ast-hfb-above-header-display":"","ast-hfb-below-header-display":"","ast-hfb-mobile-header-display":"","site-post-title":"","ast-breadcrumbs-content":"","ast-featured-img":"","footer-sml-layout":"","theme-transparent-header-meta":"default","adv-header-id-meta":"","stick-header-meta":"","header-above-stick-meta":"","header-main-stick-meta":"","header-below-stick-meta":"","astra-migrate-meta-layouts":"set","ast-page-background-enabled":"default","ast-page-background-meta":{"desktop":{"background-color":"","background-image":"","background-repeat":"repeat","background-position":"center center","background-size":"auto","background-attachment":"scroll","background-type":"","background-media":"","overlay-type":"","overlay-color":"","overlay-gradient":""},"tablet":{"background-color":"","background-image":"","background-repeat":"repeat","background-position":"center center","background-size":"auto","background-attachment":"scroll","background-type":"","background-media":"","overlay-type":"","overlay-color":"","overlay-gradient":""},"mobile":{"background-color":"","background-image":"","background-repeat":"repeat","background-position":"center center","background-size":"auto","background-attachment":"scroll","background-type":"","background-media":"","overlay-type":"","overlay-color":"","overlay-gradient":""}},"ast-content-background-meta":{"desktop":{"background-color":"var(--ast-global-color-5)","background-image":"","background-repeat":"repeat","background-position":"center center","background-size":"auto","background-attachment":"scroll","background-type":"","background-media":"","overlay-type":"","overlay-color":"","overlay-gradient":""},"tablet":{"background-color":"var(--ast-global-color-5)","background-image":"","background-repeat":"repeat","background-position":"center center","background-size":"auto","background-attachment":"scroll","background-type":"","background-media":"","overlay-type":"","overlay-color":"","overlay-gradient":""},"mobile":{"background-color":"var(--ast-global-color-5)","background-image":"","background-repeat":"repeat","background-position":"center center","background-size":"auto","background-attachment":"scroll","background-type":"","background-media":"","overlay-type":"","overlay-color":"","overlay-gradient":""}}},"product_brand":[],"product_cat":[27],"product_tag":[],"class_list":{"0":"post-6677","1":"product","2":"type-product","3":"status-publish","4":"has-post-thumbnail","6":"product_cat-salud-y-bienestar","7":"desktop-align-center","8":"tablet-align-center","9":"mobile-align-center","11":"first","12":"instock","13":"shipping-taxable","14":"purchasable","15":"product-type-simple"},"_links":{"self":[{"href":"https:\/\/humanplus.com.co\/index.php?rest_route=\/wp\/v2\/product\/6677","targetHints":{"allow":["GET"]}}],"collection":[{"href":"https:\/\/humanplus.com.co\/index.php?rest_route=\/wp\/v2\/product"}],"about":[{"href":"https:\/\/humanplus.com.co\/index.php?rest_route=\/wp\/v2\/types\/product"}],"replies":[{"embeddable":true,"href":"https:\/\/humanplus.com.co\/index.php?rest_route=%2Fwp%2Fv2%2Fcomments&post=6677"}],"wp:featuredmedia":[{"embeddable":true,"href":"https:\/\/humanplus.com.co\/index.php?rest_route=\/wp\/v2\/media\/6678"}],"wp:attachment":[{"href":"https:\/\/humanplus.com.co\/index.php?rest_route=%2Fwp%2Fv2%2Fmedia&parent=6677"}],"wp:term":[{"taxonomy":"product_brand","embeddable":true,"href":"https:\/\/humanplus.com.co\/index.php?rest_route=%2Fwp%2Fv2%2Fproduct_brand&post=6677"},{"taxonomy":"product_cat","embeddable":true,"href":"https:\/\/humanplus.com.co\/index.php?rest_route=%2Fwp%2Fv2%2Fproduct_cat&post=6677"},{"taxonomy":"product_tag","embeddable":true,"href":"https:\/\/humanplus.com.co\/index.php?rest_route=%2Fwp%2Fv2%2Fproduct_tag&post=6677"}],"curies":[{"name":"wp","href":"https:\/\/api.w.org\/{rel}","templated":true}]}}