{"id":6441,"date":"2025-10-11T17:16:12","date_gmt":"2025-10-11T17:16:12","guid":{"rendered":"https:\/\/humanplus.com.co\/?post_type=product&#038;p=6441"},"modified":"2026-05-03T16:58:47","modified_gmt":"2026-05-03T16:58:47","slug":"combo-elite","status":"publish","type":"product","link":"https:\/\/humanplus.com.co\/?product=combo-elite","title":{"rendered":"Combo \u00c9lite"},"content":{"rendered":"<p style=\"padding-left: 40px;\">En Human Plus hemos desarrollado un protocolo especializado para deportistas que buscan potenciar su rendimiento de forma natural, cuidando su salud y respetando los procesos de su cuerpo.<\/p>\n<p>Nuestro enfoque se basa en la ciencia. Cada ingrediente de nuestros productos est\u00e1 respaldado por estudios cl\u00ednicos en humanos, garantizando eficacia, seguridad y resultados reales.<\/p>\n<h5>Remolacha (Beta vulgaris):<\/h5>\n<p>Diversos estudios demuestran que su consumo mejora el rendimiento deportivo al aumentar la producci\u00f3n de \u00f3xido n\u00edtrico, lo que optimiza la oxigenaci\u00f3n muscular, la eficiencia cardiovascular y la resistencia f\u00edsica. Ideal para deportistas de resistencia o entrenamientos de alta intensidad.<\/p>\n<h5>C\u00farcuma (Curcuma longa):<\/h5>\n<p dir=\"auto\">Su compuesto activo, ayuda a regular la inflamaci\u00f3n sist\u00e9mica y acelerar la recuperaci\u00f3n tras el ejercicio. Su acci\u00f3n antiinflamatoria y antioxidante contribuye a mantener los m\u00fasculos y articulaciones en \u00f3ptimo estado, siendo una base esencial para los procesos inflamatorios.<\/p>\n<h5>Cereza \u00c1cida (Tart Cherry \u2013 Prunus cerasus):<\/h5>\n<p dir=\"auto\">Rica en antocianinas y melatonina natural, favorece la recuperaci\u00f3n muscular, reduce el da\u00f1o oxidativo inducido por el ejercicio intenso y disminuye el dolor y la rigidez postentrenamiento.<\/p>\n<h5>Ashwagandha (Withania somnifera):<\/h5>\n<p>Adapt\u00f3geno ampliamente estudiado por su capacidad para reducir el cortisol, mejorar la calidad del sue\u00f1o y aumentar la resiliencia al estr\u00e9s f\u00edsico y mental. Adem\u00e1s, contribuye a un mejor equilibrio hormonal y una sensaci\u00f3n de energ\u00eda estable durante el d\u00eda.<\/p>\n<div>\n<div>\n<p>\u00a0<strong>La sinergia entre estos cuatro ingredientes potencia la recuperaci\u00f3n, el rendimiento y el bienestar general del deportista, permitiendo alcanzar un estado f\u00edsico y mental \u00f3ptimo de forma completamente natural<\/strong><\/p>\n<\/div>\n<\/div>\n<hr \/>\n<div dir=\"auto\">\n<div>\n<div>\n<h5>\u00bfPor qu\u00e9 tomar c\u00farcuma y Tart Cherry si ambas son antiinflamatorias?<\/h5>\n<p>Aunque los dos tienen propiedades antiinflamatorias, act\u00faan por v\u00edas distintas y se complementan:<\/p>\n<h5>C\u00farcuma<\/h5>\n<p>\u2022 Su efecto es m\u00e1s sist\u00e9mico y prolongado.<\/p>\n<p>\u2022 Modula la inflamaci\u00f3n cr\u00f3nica de bajo grado que aparece por el estr\u00e9s, la carga de entrenamiento o una dieta inadecuada.<\/p>\n<p>\u2022 Apoya la salud articular y digestiva.<\/p>\n<p>\u2022 Ideal para deportistas que entrenan todos los d\u00edas o que acumulan microlesiones.<\/p>\n<h5>Tart Cherry (Cereza \u00e1cida)<\/h5>\n<p>\u2022 Su efecto es m\u00e1s r\u00e1pido y agudo.<\/p>\n<p>\u2022 Reduce el dolor y la rigidez muscular tras sesiones intensas o competencias.<\/p>\n<p>\u2022 Favorece la recuperaci\u00f3n del tejido muscular<\/p>\n<p>\u2022 Ideal para etapas de carga alta o recuperaci\u00f3n post-competencia.<\/p>\n<h5>En conjunto:<\/h5>\n<p>\u2022 La c\u00farcuma act\u00faa \u201cde fondo\u201d, manteniendo bajo control la inflamaci\u00f3n general.<\/p>\n<p>\u2022 El Tart Cherry act\u00faa \u201cen el momento\u201d, reduciendo la inflamaci\u00f3n y el dolor inmediato.<\/p>\n<p>\u2022 Juntos favorecen una recuperaci\u00f3n m\u00e1s completa y sostenida, con menos fatiga y mejor rendimiento.<\/p>\n<hr \/>\n<\/div>\n<\/div>\n<\/div>\n<h5>\u00bfC\u00f3mo debo tomarlos?<\/h5>\n<p><strong>Remolacha:<\/strong> 2 c\u00e1psulas veinte minutos antes de entrenar.<\/p>\n<p><strong>C\u00farcuma:<\/strong> 3 c\u00e1psulas durante el d\u00eda, puede ser con el almuerzo y el desayuno.<\/p>\n<p><strong>Tart Cherry:<\/strong> 1 C\u00e1psula despu\u00e9s de entrenar y otra una hora antes de dormir.<\/p>\n<p><strong>Ashwagandha: <\/strong>1 C\u00e1psula una hora antes de dormir.<\/p>\n<div dir=\"auto\"><\/div>\n","protected":false},"excerpt":{"rendered":"<p>&nbsp;<\/p>\n<hr \/>\n<p>Resistencia &#8211; recuperaci\u00f3n PRO &#8211; descanso<\/p>\n<hr \/>\n<p>Remolacha: 100 c\u00e1psulas<\/p>\n<p>C\u00farcuma: 90 c\u00e1psulas<\/p>\n<p>Tart Cherry: 60 c\u00e1psulas<\/p>\n<p>Ashwagandha: 60\u00a0 c\u00e1psulas<\/p>\n<hr \/>\n<p>&nbsp;<\/p>\n","protected":false},"featured_media":6463,"comment_status":"open","ping_status":"closed","template":"","meta":{"site-sidebar-layout":"default","site-content-layout":"","ast-site-content-layout":"default","site-content-style":"default","site-sidebar-style":"default","ast-global-header-display":"","ast-banner-title-visibility":"","ast-main-header-display":"","ast-hfb-above-header-display":"","ast-hfb-below-header-display":"","ast-hfb-mobile-header-display":"","site-post-title":"","ast-breadcrumbs-content":"","ast-featured-img":"","footer-sml-layout":"","theme-transparent-header-meta":"default","adv-header-id-meta":"","stick-header-meta":"","header-above-stick-meta":"","header-main-stick-meta":"","header-below-stick-meta":"","astra-migrate-meta-layouts":"set","ast-page-background-enabled":"default","ast-page-background-meta":{"desktop":{"background-color":"","background-image":"","background-repeat":"repeat","background-position":"center center","background-size":"auto","background-attachment":"scroll","background-type":"","background-media":"","overlay-type":"","overlay-color":"","overlay-gradient":""},"tablet":{"background-color":"","background-image":"","background-repeat":"repeat","background-position":"center center","background-size":"auto","background-attachment":"scroll","background-type":"","background-media":"","overlay-type":"","overlay-color":"","overlay-gradient":""},"mobile":{"background-color":"","background-image":"","background-repeat":"repeat","background-position":"center center","background-size":"auto","background-attachment":"scroll","background-type":"","background-media":"","overlay-type":"","overlay-color":"","overlay-gradient":""}},"ast-content-background-meta":{"desktop":{"background-color":"var(--ast-global-color-5)","background-image":"","background-repeat":"repeat","background-position":"center center","background-size":"auto","background-attachment":"scroll","background-type":"","background-media":"","overlay-type":"","overlay-color":"","overlay-gradient":""},"tablet":{"background-color":"var(--ast-global-color-5)","background-image":"","background-repeat":"repeat","background-position":"center center","background-size":"auto","background-attachment":"scroll","background-type":"","background-media":"","overlay-type":"","overlay-color":"","overlay-gradient":""},"mobile":{"background-color":"var(--ast-global-color-5)","background-image":"","background-repeat":"repeat","background-position":"center center","background-size":"auto","background-attachment":"scroll","background-type":"","background-media":"","overlay-type":"","overlay-color":"","overlay-gradient":""}}},"product_brand":[],"product_cat":[27],"product_tag":[],"class_list":{"0":"post-6441","1":"product","2":"type-product","3":"status-publish","4":"has-post-thumbnail","6":"product_cat-salud-y-bienestar","7":"desktop-align-center","8":"tablet-align-center","9":"mobile-align-center","11":"first","12":"instock","13":"sale","14":"shipping-taxable","15":"purchasable","16":"product-type-simple"},"_links":{"self":[{"href":"https:\/\/humanplus.com.co\/index.php?rest_route=\/wp\/v2\/product\/6441","targetHints":{"allow":["GET"]}}],"collection":[{"href":"https:\/\/humanplus.com.co\/index.php?rest_route=\/wp\/v2\/product"}],"about":[{"href":"https:\/\/humanplus.com.co\/index.php?rest_route=\/wp\/v2\/types\/product"}],"replies":[{"embeddable":true,"href":"https:\/\/humanplus.com.co\/index.php?rest_route=%2Fwp%2Fv2%2Fcomments&post=6441"}],"wp:featuredmedia":[{"embeddable":true,"href":"https:\/\/humanplus.com.co\/index.php?rest_route=\/wp\/v2\/media\/6463"}],"wp:attachment":[{"href":"https:\/\/humanplus.com.co\/index.php?rest_route=%2Fwp%2Fv2%2Fmedia&parent=6441"}],"wp:term":[{"taxonomy":"product_brand","embeddable":true,"href":"https:\/\/humanplus.com.co\/index.php?rest_route=%2Fwp%2Fv2%2Fproduct_brand&post=6441"},{"taxonomy":"product_cat","embeddable":true,"href":"https:\/\/humanplus.com.co\/index.php?rest_route=%2Fwp%2Fv2%2Fproduct_cat&post=6441"},{"taxonomy":"product_tag","embeddable":true,"href":"https:\/\/humanplus.com.co\/index.php?rest_route=%2Fwp%2Fv2%2Fproduct_tag&post=6441"}],"curies":[{"name":"wp","href":"https:\/\/api.w.org\/{rel}","templated":true}]}}