{"id":6163,"date":"2025-04-18T00:06:12","date_gmt":"2025-04-18T00:06:12","guid":{"rendered":"https:\/\/humanplus.com.co\/?post_type=product&#038;p=6163"},"modified":"2026-03-16T22:29:48","modified_gmt":"2026-03-16T22:29:48","slug":"gomas-de-remolacha","status":"publish","type":"product","link":"https:\/\/humanplus.com.co\/?product=gomas-de-remolacha","title":{"rendered":"Gomas de remolacha"},"content":{"rendered":"<p>Deliciosas gomas de gelatina formuladas con una poderosa combinaci\u00f3n <span style=\"font-size: 16px; -webkit-text-size-adjust: 100%;\">de extracto de remolacha, L-arginina y complejo vitam\u00ednico B.<\/span><\/p>\n<h6><span style=\"color: #993366;\">Contenido: 120gr | Porciones: 30<\/span><\/h6>\n<h6><span style=\"color: #993366;\">Sabor: Frutos rojos<\/span><\/h6>\n<p><strong><span style=\"color: #993366;\">*** No tiene az\u00facar a\u00f1adida***<\/span><\/strong><\/p>\n<hr \/>\n<h4><strong>Beneficios Principales<\/strong><\/h4>\n<h6><span style=\"color: #993366;\">Mejora la salud cardiovascular:<\/span><\/h6>\n<p>Beneficioso para mantener niveles saludables de presi\u00f3n arterial gracias a sus compuestos bioactivos.<\/p>\n<h6><span style=\"color: #993366;\">Aumenta la resistencia f\u00edsica:<\/span><\/h6>\n<p>La combinaci\u00f3n de remolacha rica en nitratos naturales y L-arginina favorece la producci\u00f3n de \u00f3xido n\u00edtrico, dilatando los vasos sangu\u00edneos y optimizando su flujo . Mejora la circulaci\u00f3n e incrementa la resistencia muscular.<\/p>\n<h6><span style=\"color: #993366;\">Reduce la fatiga muscular:<\/span><\/h6>\n<p>La L-arginina ayuda a eliminar el \u00e1cido l\u00e1ctico y otros metabolitos que causan fatiga durante el ejercicio.<\/p>\n<h6><span style=\"color: #993366;\">Potencia la energ\u00eda natural:<\/span><\/h6>\n<p>El complejo vitam\u00ednico B contribuye al metabolismo energ\u00e9tico eficiente, reduciendo el cansancio y la fatiga.<\/p>\n<h6><span style=\"color: #993366;\">Precursor\u00a0 de la hormona de crecimiento<\/span><\/h6>\n<p><mark class=\"QVRyCf\">La L-arginina es un amino\u00e1cido que puede estimular la producci\u00f3n de la hormona del crecimiento de manera natural,\u00a0 lo que contribuye con el aumento del rendimiento deportivo.<\/mark><\/p>\n<div>\n<h6><span style=\"color: #800000;\">Apoyo hormonal y sexual indirecto<\/span><\/h6>\n<p dir=\"auto\">Mejora la circulaci\u00f3n y vasodilataci\u00f3n = ben\u00e9ficios en la funci\u00f3n er\u00e9ctil.<\/p>\n<p dir=\"auto\">Apoya el entorno hormonal saludable al reducir el estr\u00e9s oxidativo (v\u00eda \u00f3xido n\u00edtrico y antioxidantes naturales de la remolacha).<\/p>\n<\/div>\n<p>&nbsp;<\/p>\n<hr \/>\n<h6><span style=\"color: #993366;\">Ideal para:<\/span><\/h6>\n<p>&#8211; Deportistas que buscan mejorar su rendimiento y resistencia<\/p>\n<p>&#8211; Hombres y mujeres que desean apoyar su salud cardiovascular<\/p>\n<hr \/>\n<h6><span style=\"color: #993366;\">Modo de empleo<\/span><\/h6>\n<p>Consumir 1 \u00f3 2 gomas\u00a0 antes o durante el entrenamiento.<\/p>\n<p>Para mantenimiento general de la salud, puede consumirse\u00a0 1 goma en las ma\u00f1anas.<\/p>\n","protected":false},"excerpt":{"rendered":"<p>&nbsp;<\/p>\n<hr \/>\n<p>Nuestras gomitas de remolacha son un producto sensible a la temperatura. Para conservar su textura, calidad y efectividad, no deben ser expuestas a temperaturas mayores a 30 \u00b0C.<\/p>\n<p>Recomendamos mantenerlas siempre en un lugar fresco, alejadas del calor, la luz directa del sol y fuentes de temperatura elevada. Una correcta conservaci\u00f3n garantiza que disfrutes el producto en \u00f3ptimas condiciones.<\/p>\n<hr \/>\n<p>&nbsp;<\/p>\n","protected":false},"featured_media":6171,"comment_status":"open","ping_status":"closed","template":"","meta":{"site-sidebar-layout":"default","site-content-layout":"","ast-site-content-layout":"default","site-content-style":"default","site-sidebar-style":"default","ast-global-header-display":"","ast-banner-title-visibility":"","ast-main-header-display":"","ast-hfb-above-header-display":"","ast-hfb-below-header-display":"","ast-hfb-mobile-header-display":"","site-post-title":"","ast-breadcrumbs-content":"","ast-featured-img":"","footer-sml-layout":"","theme-transparent-header-meta":"default","adv-header-id-meta":"","stick-header-meta":"","header-above-stick-meta":"","header-main-stick-meta":"","header-below-stick-meta":"","astra-migrate-meta-layouts":"set","ast-page-background-enabled":"default","ast-page-background-meta":{"desktop":{"background-color":"","background-image":"","background-repeat":"repeat","background-position":"center center","background-size":"auto","background-attachment":"scroll","background-type":"","background-media":"","overlay-type":"","overlay-color":"","overlay-gradient":""},"tablet":{"background-color":"","background-image":"","background-repeat":"repeat","background-position":"center center","background-size":"auto","background-attachment":"scroll","background-type":"","background-media":"","overlay-type":"","overlay-color":"","overlay-gradient":""},"mobile":{"background-color":"","background-image":"","background-repeat":"repeat","background-position":"center center","background-size":"auto","background-attachment":"scroll","background-type":"","background-media":"","overlay-type":"","overlay-color":"","overlay-gradient":""}},"ast-content-background-meta":{"desktop":{"background-color":"var(--ast-global-color-5)","background-image":"","background-repeat":"repeat","background-position":"center center","background-size":"auto","background-attachment":"scroll","background-type":"","background-media":"","overlay-type":"","overlay-color":"","overlay-gradient":""},"tablet":{"background-color":"var(--ast-global-color-5)","background-image":"","background-repeat":"repeat","background-position":"center center","background-size":"auto","background-attachment":"scroll","background-type":"","background-media":"","overlay-type":"","overlay-color":"","overlay-gradient":""},"mobile":{"background-color":"var(--ast-global-color-5)","background-image":"","background-repeat":"repeat","background-position":"center center","background-size":"auto","background-attachment":"scroll","background-type":"","background-media":"","overlay-type":"","overlay-color":"","overlay-gradient":""}}},"product_brand":[],"product_cat":[27],"product_tag":[40,42,41],"class_list":{"0":"post-6163","1":"product","2":"type-product","3":"status-publish","4":"has-post-thumbnail","6":"product_cat-salud-y-bienestar","7":"product_tag-gomitas-de-remolacha","8":"product_tag-l-arginina","9":"product_tag-remolacha","10":"desktop-align-center","11":"tablet-align-center","12":"mobile-align-center","14":"first","15":"instock","16":"shipping-taxable","17":"purchasable","18":"product-type-simple"},"_links":{"self":[{"href":"https:\/\/humanplus.com.co\/index.php?rest_route=\/wp\/v2\/product\/6163","targetHints":{"allow":["GET"]}}],"collection":[{"href":"https:\/\/humanplus.com.co\/index.php?rest_route=\/wp\/v2\/product"}],"about":[{"href":"https:\/\/humanplus.com.co\/index.php?rest_route=\/wp\/v2\/types\/product"}],"replies":[{"embeddable":true,"href":"https:\/\/humanplus.com.co\/index.php?rest_route=%2Fwp%2Fv2%2Fcomments&post=6163"}],"wp:featuredmedia":[{"embeddable":true,"href":"https:\/\/humanplus.com.co\/index.php?rest_route=\/wp\/v2\/media\/6171"}],"wp:attachment":[{"href":"https:\/\/humanplus.com.co\/index.php?rest_route=%2Fwp%2Fv2%2Fmedia&parent=6163"}],"wp:term":[{"taxonomy":"product_brand","embeddable":true,"href":"https:\/\/humanplus.com.co\/index.php?rest_route=%2Fwp%2Fv2%2Fproduct_brand&post=6163"},{"taxonomy":"product_cat","embeddable":true,"href":"https:\/\/humanplus.com.co\/index.php?rest_route=%2Fwp%2Fv2%2Fproduct_cat&post=6163"},{"taxonomy":"product_tag","embeddable":true,"href":"https:\/\/humanplus.com.co\/index.php?rest_route=%2Fwp%2Fv2%2Fproduct_tag&post=6163"}],"curies":[{"name":"wp","href":"https:\/\/api.w.org\/{rel}","templated":true}]}}