{"id":5717,"date":"2024-05-16T14:58:02","date_gmt":"2024-05-16T14:58:02","guid":{"rendered":"https:\/\/humanplus.com.co\/?post_type=product&#038;p=5717"},"modified":"2026-01-16T11:26:38","modified_gmt":"2026-01-16T11:26:38","slug":"proteina-vegana-34-gramos-por-servicio","status":"publish","type":"product","link":"https:\/\/humanplus.com.co\/?product=proteina-vegana-34-gramos-por-servicio","title":{"rendered":"Prote\u00edna vegana, 2,5 libras, 31 servicios"},"content":{"rendered":"<p style=\"padding-left: 40px;\"><span style=\"font-weight: 400;\">VEG4N-m es una mezcla de prote\u00edna de guisante, arroz y garbanzo enriquecida con germinado de alfalfa y mijo rojo, resveratrol, espirulina, konjac y regaliz, amaranto, amalaki, omega 3 y 7, BCAAS, calcio de coral, prebioticos y probioticos, glutamina, analina, glicina, cisteina, lisina.\u00a0<\/span><\/p>\n<p><span style=\"font-weight: 400;\">34 gramos por servicio (2 Scoop)<\/span><br \/>\n<span style=\"font-weight: 400;\">31 Porciones por envase<\/span><br \/>\n2.5 libras<\/p>\n<p><span style=\"font-weight: 400;\">Sin az\u00facares a\u00f1adidos<\/span><br \/>\nSin maltodextrina<br \/>\nSin gluten<br \/>\nSin soya<br \/>\nSin lactosa<\/p>\n<h4><span style=\"font-weight: 400;\">Contiene:\u00a0<\/span><\/h4>\n<p><span style=\"font-weight: 400;\">Prebioticos y probioticos<\/span><br \/>\n<span style=\"font-weight: 400;\">Protectores hep\u00e1ticos<\/span><\/p>\n<h4>Sabor:<\/h4>\n<p>Mandarina Gourmet (sabor suave)<\/p>\n<p><span style=\"font-weight: 400;\">La puedes preparar con leche vegetal o agua.<\/span><\/p>\n<h4><span style=\"font-weight: 400;\">***F\u00e1cil de disolver***<\/span><\/h4>\n<p>&nbsp;<\/p>\n<h4>Beneficios de la prote\u00edn VEG4N-M<\/h4>\n<p><span style=\"color: #ff6600;\"><strong>Resveratrol:\u00a0<\/strong><\/span><\/p>\n<p><span style=\"font-weight: 400;\">Aumenta la producci\u00f3n de col\u00e1geno. El <\/span><span style=\"font-weight: 400;\">resveratrol<\/span><span style=\"font-weight: 400;\"> ayuda, tanto a la producci\u00f3n de col\u00e1geno, como a la regeneraci\u00f3n de la <\/span><span style=\"font-weight: 400;\">piel<\/span><span style=\"font-weight: 400;\">, es un antioxidante que previene la oxidaci\u00f3n por los radicales libres. M\u00e1s conocido como un compuesto antiedad.<\/span><\/p>\n<p><span style=\"color: #ff6600;\"><strong>Espirulina:\u00a0<\/strong><\/span><\/p>\n<p><span style=\"font-weight: 400;\">La <\/span><span style=\"font-weight: 400;\">espirulina<\/span><span style=\"font-weight: 400;\"> es un potente antioxidante, su composici\u00f3n favorece la reducci\u00f3n de los niveles de az\u00facar en la sangre, es rica en hierro, minerales, es considerada un super alimento por sus beneficios para la salud.<\/span><\/p>\n<p><strong><span style=\"color: #ff6600;\">Konjac:<\/span><\/strong><\/p>\n<p><span style=\"font-weight: 400;\">Favorece la salud intestinal, contribuye a una mejor digesti\u00f3n y evita la sensaci\u00f3n de pesadez.<\/span><\/p>\n<p><strong><span style=\"color: #ff6600;\">Regaliz:<\/span><\/strong><\/p>\n<p><span style=\"font-weight: 400;\">Es una hierba antiinflamatoria, antiespasm\u00f3dica y anti\u00e1cida, previene la pesadez de est\u00f3mago, protege el h\u00edgado, funciona como una barrera protectora para el sistema inmunol\u00f3gico.<\/span><\/p>\n<p><strong><span style=\"color: #ff6600;\">Amaranto:<\/span><\/strong><\/p>\n<p><span style=\"font-weight: 400;\">Es una de las fuentes m\u00e1s importante de prote\u00ednas, minerales y vitaminas naturales: A, B, C, B1, B2, B3; as\u00ed como de \u00e1cido f\u00f3lico, niacina, calcio, hierro y f\u00f3sforo, es un superalimento.<\/span><\/p>\n<p><strong><span style=\"color: #ff6600;\">Amalaki:<\/span><\/strong><\/p>\n<p><span style=\"font-weight: 400;\">Potente antioxidante por su perfil en polifenoles, vitamina C y taninos para la regeneraci\u00f3n celular y salud de la piel.<\/span><span style=\"font-weight: 400;\">\u00a0<\/span><\/p>\n<p><strong><span style=\"color: #ff6600;\">Omega 3 y 7:<\/span><\/strong><\/p>\n<p><span style=\"font-weight: 400;\">Las funciones que desempe\u00f1a\u00a0 en la piel y las mucosas son: Antiinflamatorias.<\/span><\/p>\n<p><span style=\"font-weight: 400;\">Contribuye la salud del coraz\u00f3n.<\/span><\/p>\n<p><strong><span style=\"color: #ff6600;\">BCAAS<\/span><\/strong><\/p>\n<p><span style=\"font-weight: 400;\">Son conocidos por ayudar a <\/span><span style=\"font-weight: 400;\">mejorar la s\u00edntesis de prote\u00ednas musculares<\/span><span style=\"font-weight: 400;\">, lo que puede ayudar a aumentar la masa muscular y mejorar la fuerza. Tambi\u00e9n se ha demostrado que pueden ayudar a reducir la fatiga muscular y mejorar el rendimiento durante el ejercicio de resistencia.<\/span><\/p>\n<p><span style=\"color: #ff6600;\"><strong>Calcio coral:<\/strong><\/span><\/p>\n<p><span style=\"font-weight: 400;\">Ayuda en la prevenci\u00f3n de reumas, osteoporosis y artritis<\/span><span style=\"font-weight: 400;\">.<\/span><\/p>\n<p><strong><span style=\"color: #ff6600;\">Probi\u00f3ticos y prebi\u00f3ticos<\/span><\/strong><\/p>\n<p><span style=\"font-weight: 400;\">Facilita la digesti\u00f3n, mejora la funci\u00f3n de la barrera intestinal, ayuda a mantener en buen estado la microbiota.<\/span><\/p>\n<p><strong><span style=\"color: #ff6600;\">Alanina:<\/span><\/strong><\/p>\n<p><span style=\"font-weight: 400;\">Ayuda a la reducci\u00f3n de la fatiga y el agotamiento, lo que aumenta la resistencia.<\/span> <span style=\"font-weight: 400;\">Mejora en el rendimiento general.<\/span> <span style=\"font-weight: 400;\">Acorta el tiempo de recuperaci\u00f3n entre ejercicios<\/span><span style=\"font-weight: 400;\">.<\/span><\/p>\n<p><strong><span style=\"color: #ff6600;\">Glicina:<\/span><\/strong><\/p>\n<p><span style=\"font-weight: 400;\">Protege las articulaciones, promueve la recuperaci\u00f3n muscular, mejora el sue\u00f1o, promueve la producci\u00f3n de col\u00e1geno.<\/span><\/p>\n<p><strong><span style=\"color: #ff6600;\">Ciste\u00edna:<\/span><\/strong><\/p>\n<p><span style=\"font-weight: 400;\">Es un antioxidante efectivo para la reparaci\u00f3n de las celulas, contribuye con la salud de las u\u00f1as y cabello, ayuda a la digesti\u00f3n, promueve la salud del coraz\u00f3n.<\/span><\/p>\n<p><strong><span style=\"color: #ff6600;\">Lisina:<\/span><\/strong><\/p>\n<p><span style=\"font-weight: 400;\">La <\/span><span style=\"font-weight: 400;\">lisina<\/span><span style=\"font-weight: 400;\"> es antioxidante y es uno de los componentes de las prote\u00ednas. Por lo tanto, es necesaria <\/span><span style=\"font-weight: 400;\">para<\/span><span style=\"font-weight: 400;\"> la construcci\u00f3n de la masa muscular, la recuperaci\u00f3n de lesiones y heridas y <\/span><span style=\"font-weight: 400;\">para<\/span><span style=\"font-weight: 400;\"> la producci\u00f3n de hormonas, enzimas y anticuerpos.<\/span><\/p>\n<p><strong><span style=\"color: #ff6600;\">Mijo rojo:<\/span><\/strong><\/p>\n<p><span style=\"font-weight: 400;\">Sus propiedades favorecen la buena digesti\u00f3n y el tr\u00e1nsito intestinal, previenen enfermedades cardiovasculares, combate la diabetes y las\u00a0 enfermedades cr\u00f3nicas.<\/span><\/p>\n<p><span style=\"font-weight: 400;\">Es muy \u00fatil en las dietas de adelgazamiento (al ser bajo en grasa y rico en fibra soluble, que favorece la sensaci\u00f3n de saciedad).<\/span><\/p>\n<p><span style=\"font-weight: 400;\">Es una buena fuente de antioxidantes, que ayudan a proteger las c\u00e9lulas del cuerpo del da\u00f1o oxidativo y reducir el riesgo de enfermedades cr\u00f3nicas como la enfermedad card\u00edaca y el c\u00e1ncer.<\/span><\/p>\n<p><span style=\"font-weight: 400;\">El mijo tambi\u00e9n es rico en vitaminas del complejo B, especialmente tiamina (vitamina B1) y niacina (vitamina B3). Estas vitaminas son importantes para mantener la salud del sistema nervioso y la piel, as\u00ed como para producir energ\u00eda a partir de los alimentos.<\/span><\/p>\n<p><strong><span style=\"color: #ff6600;\">Germinado de Alfalfa:<\/span><\/strong><\/p>\n<p><span style=\"font-weight: 400;\">Es un alimento de alto valor nutritivo, es rico en vitaminas y minerales, prote\u00ednas, tiene propiedades antiinflamatorias y antioxidantes.<\/span><\/p>\n","protected":false},"excerpt":{"rendered":"<hr \/>\n<p>&nbsp;<\/p>\n","protected":false},"featured_media":6176,"comment_status":"closed","ping_status":"closed","template":"","meta":{"site-sidebar-layout":"default","site-content-layout":"","ast-site-content-layout":"default","site-content-style":"default","site-sidebar-style":"default","ast-global-header-display":"","ast-banner-title-visibility":"","ast-main-header-display":"","ast-hfb-above-header-display":"","ast-hfb-below-header-display":"","ast-hfb-mobile-header-display":"","site-post-title":"","ast-breadcrumbs-content":"","ast-featured-img":"","footer-sml-layout":"","theme-transparent-header-meta":"default","adv-header-id-meta":"","stick-header-meta":"","header-above-stick-meta":"","header-main-stick-meta":"","header-below-stick-meta":"","astra-migrate-meta-layouts":"set","ast-page-background-enabled":"default","ast-page-background-meta":{"desktop":{"background-color":"","background-image":"","background-repeat":"repeat","background-position":"center center","background-size":"auto","background-attachment":"scroll","background-type":"","background-media":"","overlay-type":"","overlay-color":"","overlay-gradient":""},"tablet":{"background-color":"","background-image":"","background-repeat":"repeat","background-position":"center center","background-size":"auto","background-attachment":"scroll","background-type":"","background-media":"","overlay-type":"","overlay-color":"","overlay-gradient":""},"mobile":{"background-color":"","background-image":"","background-repeat":"repeat","background-position":"center center","background-size":"auto","background-attachment":"scroll","background-type":"","background-media":"","overlay-type":"","overlay-color":"","overlay-gradient":""}},"ast-content-background-meta":{"desktop":{"background-color":"var(--ast-global-color-5)","background-image":"","background-repeat":"repeat","background-position":"center center","background-size":"auto","background-attachment":"scroll","background-type":"","background-media":"","overlay-type":"","overlay-color":"","overlay-gradient":""},"tablet":{"background-color":"var(--ast-global-color-5)","background-image":"","background-repeat":"repeat","background-position":"center center","background-size":"auto","background-attachment":"scroll","background-type":"","background-media":"","overlay-type":"","overlay-color":"","overlay-gradient":""},"mobile":{"background-color":"var(--ast-global-color-5)","background-image":"","background-repeat":"repeat","background-position":"center center","background-size":"auto","background-attachment":"scroll","background-type":"","background-media":"","overlay-type":"","overlay-color":"","overlay-gradient":""}}},"product_brand":[],"product_cat":[27],"product_tag":[35,38,37,39,32,33,34,36],"class_list":{"0":"post-5717","1":"product","2":"type-product","3":"status-publish","4":"has-post-thumbnail","6":"product_cat-salud-y-bienestar","7":"product_tag-productos-veganos","8":"product_tag-proteina-natural","9":"product_tag-proteina-sin-azucar","10":"product_tag-proteina-sin-lactosa","11":"product_tag-proteina-vegana","12":"product_tag-proteina-vegana-bogota","13":"product_tag-proteina-vegana-colombia","14":"product_tag-proteinas-sin-gluten","15":"desktop-align-center","16":"tablet-align-center","17":"mobile-align-center","19":"first","20":"outofstock","21":"shipping-taxable","22":"purchasable","23":"product-type-simple"},"_links":{"self":[{"href":"https:\/\/humanplus.com.co\/index.php?rest_route=\/wp\/v2\/product\/5717","targetHints":{"allow":["GET"]}}],"collection":[{"href":"https:\/\/humanplus.com.co\/index.php?rest_route=\/wp\/v2\/product"}],"about":[{"href":"https:\/\/humanplus.com.co\/index.php?rest_route=\/wp\/v2\/types\/product"}],"replies":[{"embeddable":true,"href":"https:\/\/humanplus.com.co\/index.php?rest_route=%2Fwp%2Fv2%2Fcomments&post=5717"}],"wp:featuredmedia":[{"embeddable":true,"href":"https:\/\/humanplus.com.co\/index.php?rest_route=\/wp\/v2\/media\/6176"}],"wp:attachment":[{"href":"https:\/\/humanplus.com.co\/index.php?rest_route=%2Fwp%2Fv2%2Fmedia&parent=5717"}],"wp:term":[{"taxonomy":"product_brand","embeddable":true,"href":"https:\/\/humanplus.com.co\/index.php?rest_route=%2Fwp%2Fv2%2Fproduct_brand&post=5717"},{"taxonomy":"product_cat","embeddable":true,"href":"https:\/\/humanplus.com.co\/index.php?rest_route=%2Fwp%2Fv2%2Fproduct_cat&post=5717"},{"taxonomy":"product_tag","embeddable":true,"href":"https:\/\/humanplus.com.co\/index.php?rest_route=%2Fwp%2Fv2%2Fproduct_tag&post=5717"}],"curies":[{"name":"wp","href":"https:\/\/api.w.org\/{rel}","templated":true}]}}